{"id":850,"date":"2020-11-05T13:35:08","date_gmt":"2020-11-05T13:35:08","guid":{"rendered":"https:\/\/yogivadanse.fr\/?page_id=850"},"modified":"2020-11-17T23:33:15","modified_gmt":"2020-11-17T23:33:15","slug":"mentions-legales","status":"publish","type":"page","link":"https:\/\/yogivadanse.fr\/?page_id=850","title":{"rendered":"Mentions l\u00e9gales"},"content":{"rendered":"\t\t<div data-elementor-type=\"wp-page\" data-elementor-id=\"850\" class=\"elementor elementor-850\">\n\t\t\t\t\t\t<div class=\"elementor-inner\">\n\t\t\t\t<div class=\"elementor-section-wrap\">\n\t\t\t\t\t\t\t\t\t<section class=\"elementor-section elementor-top-section elementor-element elementor-element-0acf31e elementor-section-boxed elementor-section-height-default elementor-section-height-default\" data-id=\"0acf31e\" data-element_type=\"section\">\n\t\t\t\t\t\t<div class=\"elementor-container elementor-column-gap-default\">\n\t\t\t\t\t\t\t<div class=\"elementor-row\">\n\t\t\t\t\t<div class=\"elementor-column elementor-col-100 elementor-top-column elementor-element elementor-element-7a37f52\" data-id=\"7a37f52\" data-element_type=\"column\">\n\t\t\t<div class=\"elementor-column-wrap elementor-element-populated\">\n\t\t\t\t\t\t\t<div class=\"elementor-widget-wrap\">\n\t\t\t\t\t\t<div class=\"elementor-element elementor-element-bf927c2 elementor-widget elementor-widget-spacer\" data-id=\"bf927c2\" data-element_type=\"widget\" data-widget_type=\"spacer.default\">\n\t\t\t\t<div class=\"elementor-widget-container\">\n\t\t\t\t\t<div class=\"elementor-spacer\">\n\t\t\t<div class=\"elementor-spacer-inner\"><\/div>\n\t\t<\/div>\n\t\t\t\t<\/div>\n\t\t\t\t<\/div>\n\t\t\t\t\t\t<\/div>\n\t\t\t\t\t<\/div>\n\t\t<\/div>\n\t\t\t\t\t\t\t\t<\/div>\n\t\t\t\t\t<\/div>\n\t\t<\/section>\n\t\t\t\t<section class=\"elementor-section elementor-top-section elementor-element elementor-element-3d8b6aa elementor-section-boxed elementor-section-height-default elementor-section-height-default\" data-id=\"3d8b6aa\" data-element_type=\"section\">\n\t\t\t\t\t\t<div class=\"elementor-container elementor-column-gap-default\">\n\t\t\t\t\t\t\t<div class=\"elementor-row\">\n\t\t\t\t\t<div class=\"elementor-column elementor-col-25 elementor-top-column elementor-element elementor-element-fc8bcff\" data-id=\"fc8bcff\" data-element_type=\"column\">\n\t\t\t<div class=\"elementor-column-wrap\">\n\t\t\t\t\t\t\t<div class=\"elementor-widget-wrap\">\n\t\t\t\t\t\t\t\t<\/div>\n\t\t\t\t\t<\/div>\n\t\t<\/div>\n\t\t\t\t<div class=\"elementor-column elementor-col-50 elementor-top-column elementor-element elementor-element-da456a3\" data-id=\"da456a3\" data-element_type=\"column\">\n\t\t\t<div class=\"elementor-column-wrap elementor-element-populated\">\n\t\t\t\t\t\t\t<div class=\"elementor-widget-wrap\">\n\t\t\t\t\t\t<div class=\"elementor-element elementor-element-1a34b87 elementor-widget elementor-widget-image\" data-id=\"1a34b87\" data-element_type=\"widget\" data-widget_type=\"image.default\">\n\t\t\t\t<div class=\"elementor-widget-container\">\n\t\t\t\t\t\t\t\t<div class=\"elementor-image\">\n\t\t\t\t\t\t\t\t\t\t\t\t<img width=\"1024\" height=\"250\" src=\"https:\/\/yogivadanse.fr\/wp-content\/uploads\/2020\/11\/M.L.png\" class=\"attachment-large size-large wp-image-852\" alt=\"\" loading=\"lazy\" \/>\t\t\t\t\t\t\t\t\t\t\t\t\t\t<\/div>\n\t\t\t\t\t\t<\/div>\n\t\t\t\t<\/div>\n\t\t\t\t\t\t<\/div>\n\t\t\t\t\t<\/div>\n\t\t<\/div>\n\t\t\t\t<div class=\"elementor-column elementor-col-25 elementor-top-column elementor-element elementor-element-fec539b\" data-id=\"fec539b\" data-element_type=\"column\">\n\t\t\t<div class=\"elementor-column-wrap\">\n\t\t\t\t\t\t\t<div class=\"elementor-widget-wrap\">\n\t\t\t\t\t\t\t\t<\/div>\n\t\t\t\t\t<\/div>\n\t\t<\/div>\n\t\t\t\t\t\t\t\t<\/div>\n\t\t\t\t\t<\/div>\n\t\t<\/section>\n\t\t\t\t<section class=\"elementor-section elementor-top-section elementor-element elementor-element-29324a8 elementor-section-boxed elementor-section-height-default elementor-section-height-default\" data-id=\"29324a8\" data-element_type=\"section\">\n\t\t\t\t\t\t<div class=\"elementor-container elementor-column-gap-default\">\n\t\t\t\t\t\t\t<div class=\"elementor-row\">\n\t\t\t\t\t<div class=\"elementor-column elementor-col-100 elementor-top-column elementor-element elementor-element-fd1316d\" data-id=\"fd1316d\" data-element_type=\"column\">\n\t\t\t<div class=\"elementor-column-wrap elementor-element-populated\">\n\t\t\t\t\t\t\t<div class=\"elementor-widget-wrap\">\n\t\t\t\t\t\t<div class=\"elementor-element elementor-element-0d6431f elementor-widget elementor-widget-spacer\" data-id=\"0d6431f\" data-element_type=\"widget\" data-widget_type=\"spacer.default\">\n\t\t\t\t<div class=\"elementor-widget-container\">\n\t\t\t\t\t<div class=\"elementor-spacer\">\n\t\t\t<div class=\"elementor-spacer-inner\"><\/div>\n\t\t<\/div>\n\t\t\t\t<\/div>\n\t\t\t\t<\/div>\n\t\t\t\t\t\t<\/div>\n\t\t\t\t\t<\/div>\n\t\t<\/div>\n\t\t\t\t\t\t\t\t<\/div>\n\t\t\t\t\t<\/div>\n\t\t<\/section>\n\t\t\t\t<section class=\"elementor-section elementor-top-section elementor-element elementor-element-705e043 elementor-section-boxed elementor-section-height-default elementor-section-height-default\" data-id=\"705e043\" data-element_type=\"section\">\n\t\t\t\t\t\t<div class=\"elementor-container elementor-column-gap-default\">\n\t\t\t\t\t\t\t<div class=\"elementor-row\">\n\t\t\t\t\t<div class=\"elementor-column elementor-col-25 elementor-top-column elementor-element elementor-element-63d84be\" data-id=\"63d84be\" data-element_type=\"column\">\n\t\t\t<div class=\"elementor-column-wrap\">\n\t\t\t\t\t\t\t<div class=\"elementor-widget-wrap\">\n\t\t\t\t\t\t\t\t<\/div>\n\t\t\t\t\t<\/div>\n\t\t<\/div>\n\t\t\t\t<div class=\"elementor-column elementor-col-50 elementor-top-column elementor-element elementor-element-15b32c0\" data-id=\"15b32c0\" data-element_type=\"column\">\n\t\t\t<div class=\"elementor-column-wrap elementor-element-populated\">\n\t\t\t\t\t\t\t<div class=\"elementor-widget-wrap\">\n\t\t\t\t\t\t<div class=\"elementor-element elementor-element-79ce5ae elementor-widget elementor-widget-text-editor\" data-id=\"79ce5ae\" data-element_type=\"widget\" data-widget_type=\"text-editor.default\">\n\t\t\t\t<div class=\"elementor-widget-container\">\n\t\t\t\t\t\t\t\t<div class=\"elementor-text-editor elementor-clearfix\">\n\t\t\t\t<p>Le site internet est accessible \u00e0 l\u2019adresse yogivadanse.fr<\/p><p>Propri\u00e9taire et responsable de la publication, Eva Pr\u00e9cloux, professeur de danse et de yoga :<\/p><p>Pas de si\u00e8ge social\u00a0<\/p><p>Localisation : 83130 La Garde<\/p><p>evaprecloux@yahoo.com<\/p><p>N\u00b0Siret : 888 685 443 00010<\/p><p>H\u00e9bergeur du site : Hostpapa &#8211; 5063 North Service Road<br \/>Suite 100 Burlington, ON L7L 5H6\u00a0<\/p><p>T\u00e9l\u00e9phone :\u00a0<span style=\"color: #818284; font-family: lato, sans-serif; font-size: 15px; font-style: normal; font-weight: 400; text-align: left;\">0800 90 71 97 ou\u00a0<\/span><span style=\"color: #818284; font-family: lato, sans-serif; font-size: 15px; font-style: normal; font-weight: 400; text-align: left;\">01 70 71 26 89<\/span><\/p><p>R\u00e9alisation du site : Le Petit Grain &#8211; Agence de communication<\/p><p>Photographies : Copyright \u00a9 Olivier Leleu<\/p>\t\t\t\t\t<\/div>\n\t\t\t\t\t\t<\/div>\n\t\t\t\t<\/div>\n\t\t\t\t\t\t<\/div>\n\t\t\t\t\t<\/div>\n\t\t<\/div>\n\t\t\t\t<div class=\"elementor-column elementor-col-25 elementor-top-column elementor-element elementor-element-19755cd\" data-id=\"19755cd\" data-element_type=\"column\">\n\t\t\t<div class=\"elementor-column-wrap\">\n\t\t\t\t\t\t\t<div class=\"elementor-widget-wrap\">\n\t\t\t\t\t\t\t\t<\/div>\n\t\t\t\t\t<\/div>\n\t\t<\/div>\n\t\t\t\t\t\t\t\t<\/div>\n\t\t\t\t\t<\/div>\n\t\t<\/section>\n\t\t\t\t<section class=\"elementor-section elementor-top-section elementor-element elementor-element-5841e66 elementor-section-boxed elementor-section-height-default elementor-section-height-default\" data-id=\"5841e66\" data-element_type=\"section\">\n\t\t\t\t\t\t<div class=\"elementor-container elementor-column-gap-default\">\n\t\t\t\t\t\t\t<div class=\"elementor-row\">\n\t\t\t\t\t<div class=\"elementor-column elementor-col-100 elementor-top-column elementor-element elementor-element-fe5061b\" data-id=\"fe5061b\" data-element_type=\"column\">\n\t\t\t<div class=\"elementor-column-wrap elementor-element-populated\">\n\t\t\t\t\t\t\t<div class=\"elementor-widget-wrap\">\n\t\t\t\t\t\t<div class=\"elementor-element elementor-element-92ed4b5 elementor-widget elementor-widget-spacer\" data-id=\"92ed4b5\" data-element_type=\"widget\" data-widget_type=\"spacer.default\">\n\t\t\t\t<div class=\"elementor-widget-container\">\n\t\t\t\t\t<div class=\"elementor-spacer\">\n\t\t\t<div class=\"elementor-spacer-inner\"><\/div>\n\t\t<\/div>\n\t\t\t\t<\/div>\n\t\t\t\t<\/div>\n\t\t\t\t\t\t<\/div>\n\t\t\t\t\t<\/div>\n\t\t<\/div>\n\t\t\t\t\t\t\t\t<\/div>\n\t\t\t\t\t<\/div>\n\t\t<\/section>\n\t\t\t\t<section class=\"elementor-section elementor-top-section elementor-element elementor-element-d758e54 elementor-section-boxed elementor-section-height-default elementor-section-height-default\" data-id=\"d758e54\" data-element_type=\"section\">\n\t\t\t\t\t\t<div class=\"elementor-container elementor-column-gap-default\">\n\t\t\t\t\t\t\t<div class=\"elementor-row\">\n\t\t\t\t\t<div class=\"elementor-column elementor-col-25 elementor-top-column elementor-element elementor-element-681d76c\" data-id=\"681d76c\" data-element_type=\"column\">\n\t\t\t<div class=\"elementor-column-wrap\">\n\t\t\t\t\t\t\t<div class=\"elementor-widget-wrap\">\n\t\t\t\t\t\t\t\t<\/div>\n\t\t\t\t\t<\/div>\n\t\t<\/div>\n\t\t\t\t<div class=\"elementor-column elementor-col-50 elementor-top-column elementor-element elementor-element-d388a2d\" data-id=\"d388a2d\" data-element_type=\"column\">\n\t\t\t<div class=\"elementor-column-wrap elementor-element-populated\">\n\t\t\t\t\t\t\t<div class=\"elementor-widget-wrap\">\n\t\t\t\t\t\t<div class=\"elementor-element elementor-element-bbf13e0 elementor-widget elementor-widget-text-editor\" data-id=\"bbf13e0\" data-element_type=\"widget\" data-widget_type=\"text-editor.default\">\n\t\t\t\t<div class=\"elementor-widget-container\">\n\t\t\t\t\t\t\t\t<div class=\"elementor-text-editor elementor-clearfix\">\n\t\t\t\t<p>&#8211; PROPRI\u00c9T\u00c9 INTELLECTUELLE &#8211;<\/p>\t\t\t\t\t<\/div>\n\t\t\t\t\t\t<\/div>\n\t\t\t\t<\/div>\n\t\t\t\t<div class=\"elementor-element elementor-element-0124a4d elementor-widget elementor-widget-text-editor\" data-id=\"0124a4d\" data-element_type=\"widget\" data-widget_type=\"text-editor.default\">\n\t\t\t\t<div class=\"elementor-widget-container\">\n\t\t\t\t\t\t\t\t<div class=\"elementor-text-editor elementor-clearfix\">\n\t\t\t\t<p>L&#8217;ensemble des \u00e9l\u00e9ments du site (charge graphique, contenu, textes, \u00e9l\u00e9ments logiciels, base de donn\u00e9es,ect). appartient exclusivement et\/ou est r\u00e9serv\u00e9 \u00e0 Eva Pr\u00e9cloux. Personne n\u2019est autoris\u00e9 \u00e0 reproduire, exploiter, rediffuser ou utiliser \u00e0 quelque titre que ce soit, m\u00eame partiellement, des \u00e9l\u00e9ments du Site qu\u2019ils soient logiciels, visuels, graphiques, ou sonores. Tous ces \u00e9l\u00e9ments sont prot\u00e9g\u00e9s notamment au titre des droits d\u2019auteur, des producteurs de bases de donn\u00e9es, et des marques et ce, pour le monde entier.<br \/>L\u2019utilisation de tout document provenant du Site n\u2019est autoris\u00e9e qu\u2019\u00e0 titre d\u2019information pour un usage priv\u00e9. Toute repr\u00e9sentation totale ou partielle de ce site ou de l\u2019un de ses \u00e9l\u00e9ments, par quelle que personne ce soit, sans l\u2019autorisation expresse et pr\u00e9alable de l\u2019\u00e9diteur du Site, est interdite et constituerait une contrefa\u00e7on sanctionn\u00e9e notamment par les articles L. 335-2 et suivants du Code de la propri\u00e9t\u00e9 intellectuelle.<\/p>\t\t\t\t\t<\/div>\n\t\t\t\t\t\t<\/div>\n\t\t\t\t<\/div>\n\t\t\t\t\t\t<\/div>\n\t\t\t\t\t<\/div>\n\t\t<\/div>\n\t\t\t\t<div class=\"elementor-column elementor-col-25 elementor-top-column elementor-element elementor-element-ca8986e\" data-id=\"ca8986e\" data-element_type=\"column\">\n\t\t\t<div class=\"elementor-column-wrap\">\n\t\t\t\t\t\t\t<div class=\"elementor-widget-wrap\">\n\t\t\t\t\t\t\t\t<\/div>\n\t\t\t\t\t<\/div>\n\t\t<\/div>\n\t\t\t\t\t\t\t\t<\/div>\n\t\t\t\t\t<\/div>\n\t\t<\/section>\n\t\t\t\t<section class=\"elementor-section elementor-top-section elementor-element elementor-element-85c1329 elementor-section-boxed elementor-section-height-default elementor-section-height-default\" data-id=\"85c1329\" data-element_type=\"section\">\n\t\t\t\t\t\t<div class=\"elementor-container elementor-column-gap-default\">\n\t\t\t\t\t\t\t<div class=\"elementor-row\">\n\t\t\t\t\t<div class=\"elementor-column elementor-col-100 elementor-top-column elementor-element elementor-element-2998b9a\" data-id=\"2998b9a\" data-element_type=\"column\">\n\t\t\t<div class=\"elementor-column-wrap elementor-element-populated\">\n\t\t\t\t\t\t\t<div class=\"elementor-widget-wrap\">\n\t\t\t\t\t\t<div class=\"elementor-element elementor-element-cfdc06c elementor-widget elementor-widget-spacer\" data-id=\"cfdc06c\" data-element_type=\"widget\" data-widget_type=\"spacer.default\">\n\t\t\t\t<div class=\"elementor-widget-container\">\n\t\t\t\t\t<div class=\"elementor-spacer\">\n\t\t\t<div class=\"elementor-spacer-inner\"><\/div>\n\t\t<\/div>\n\t\t\t\t<\/div>\n\t\t\t\t<\/div>\n\t\t\t\t\t\t<\/div>\n\t\t\t\t\t<\/div>\n\t\t<\/div>\n\t\t\t\t\t\t\t\t<\/div>\n\t\t\t\t\t<\/div>\n\t\t<\/section>\n\t\t\t\t<section class=\"elementor-section elementor-top-section elementor-element elementor-element-592a165 elementor-section-boxed elementor-section-height-default elementor-section-height-default\" data-id=\"592a165\" data-element_type=\"section\">\n\t\t\t\t\t\t<div class=\"elementor-container elementor-column-gap-default\">\n\t\t\t\t\t\t\t<div class=\"elementor-row\">\n\t\t\t\t\t<div class=\"elementor-column elementor-col-25 elementor-top-column elementor-element elementor-element-6892343\" data-id=\"6892343\" data-element_type=\"column\">\n\t\t\t<div class=\"elementor-column-wrap\">\n\t\t\t\t\t\t\t<div class=\"elementor-widget-wrap\">\n\t\t\t\t\t\t\t\t<\/div>\n\t\t\t\t\t<\/div>\n\t\t<\/div>\n\t\t\t\t<div class=\"elementor-column elementor-col-50 elementor-top-column elementor-element elementor-element-c7da23e\" data-id=\"c7da23e\" data-element_type=\"column\">\n\t\t\t<div class=\"elementor-column-wrap elementor-element-populated\">\n\t\t\t\t\t\t\t<div class=\"elementor-widget-wrap\">\n\t\t\t\t\t\t<div class=\"elementor-element elementor-element-c1b6472 elementor-widget elementor-widget-text-editor\" data-id=\"c1b6472\" data-element_type=\"widget\" data-widget_type=\"text-editor.default\">\n\t\t\t\t<div class=\"elementor-widget-container\">\n\t\t\t\t\t\t\t\t<div class=\"elementor-text-editor elementor-clearfix\">\n\t\t\t\t<p>&#8211; COLLECTE DE DONN\u00c9ES &#8211;<\/p>\t\t\t\t\t<\/div>\n\t\t\t\t\t\t<\/div>\n\t\t\t\t<\/div>\n\t\t\t\t<div class=\"elementor-element elementor-element-79c3cb5 elementor-widget elementor-widget-text-editor\" data-id=\"79c3cb5\" data-element_type=\"widget\" data-widget_type=\"text-editor.default\">\n\t\t\t\t<div class=\"elementor-widget-container\">\n\t\t\t\t\t\t\t\t<div class=\"elementor-text-editor elementor-clearfix\">\n\t\t\t\t<p>Le site est exempt\u00e9 de d\u00e9claration \u00e0 la commission Nationale Informatique et Libert\u00e9s (CNIL) dans la mesure o\u00f9 il ne collecte aucune donn\u00e9e concernant les utilisateurs.\u00a0<\/p>\t\t\t\t\t<\/div>\n\t\t\t\t\t\t<\/div>\n\t\t\t\t<\/div>\n\t\t\t\t\t\t<\/div>\n\t\t\t\t\t<\/div>\n\t\t<\/div>\n\t\t\t\t<div class=\"elementor-column elementor-col-25 elementor-top-column elementor-element elementor-element-167c5b7\" data-id=\"167c5b7\" data-element_type=\"column\">\n\t\t\t<div class=\"elementor-column-wrap\">\n\t\t\t\t\t\t\t<div class=\"elementor-widget-wrap\">\n\t\t\t\t\t\t\t\t<\/div>\n\t\t\t\t\t<\/div>\n\t\t<\/div>\n\t\t\t\t\t\t\t\t<\/div>\n\t\t\t\t\t<\/div>\n\t\t<\/section>\n\t\t\t\t<section class=\"elementor-section elementor-top-section elementor-element elementor-element-88964f6 elementor-section-boxed elementor-section-height-default elementor-section-height-default\" data-id=\"88964f6\" data-element_type=\"section\">\n\t\t\t\t\t\t<div class=\"elementor-container elementor-column-gap-default\">\n\t\t\t\t\t\t\t<div class=\"elementor-row\">\n\t\t\t\t\t<div class=\"elementor-column elementor-col-100 elementor-top-column elementor-element elementor-element-6a46545\" data-id=\"6a46545\" data-element_type=\"column\">\n\t\t\t<div class=\"elementor-column-wrap elementor-element-populated\">\n\t\t\t\t\t\t\t<div class=\"elementor-widget-wrap\">\n\t\t\t\t\t\t<div class=\"elementor-element elementor-element-b3466af elementor-widget elementor-widget-spacer\" data-id=\"b3466af\" data-element_type=\"widget\" data-widget_type=\"spacer.default\">\n\t\t\t\t<div class=\"elementor-widget-container\">\n\t\t\t\t\t<div class=\"elementor-spacer\">\n\t\t\t<div class=\"elementor-spacer-inner\"><\/div>\n\t\t<\/div>\n\t\t\t\t<\/div>\n\t\t\t\t<\/div>\n\t\t\t\t\t\t<\/div>\n\t\t\t\t\t<\/div>\n\t\t<\/div>\n\t\t\t\t\t\t\t\t<\/div>\n\t\t\t\t\t<\/div>\n\t\t<\/section>\n\t\t\t\t<section class=\"elementor-section elementor-top-section elementor-element elementor-element-3ab93ae elementor-section-boxed elementor-section-height-default elementor-section-height-default\" data-id=\"3ab93ae\" data-element_type=\"section\">\n\t\t\t\t\t\t<div class=\"elementor-container elementor-column-gap-default\">\n\t\t\t\t\t\t\t<div class=\"elementor-row\">\n\t\t\t\t\t<div class=\"elementor-column elementor-col-25 elementor-top-column elementor-element elementor-element-fd1c4a6\" data-id=\"fd1c4a6\" data-element_type=\"column\">\n\t\t\t<div class=\"elementor-column-wrap\">\n\t\t\t\t\t\t\t<div class=\"elementor-widget-wrap\">\n\t\t\t\t\t\t\t\t<\/div>\n\t\t\t\t\t<\/div>\n\t\t<\/div>\n\t\t\t\t<div class=\"elementor-column elementor-col-50 elementor-top-column elementor-element elementor-element-5cacbd3\" data-id=\"5cacbd3\" data-element_type=\"column\">\n\t\t\t<div class=\"elementor-column-wrap elementor-element-populated\">\n\t\t\t\t\t\t\t<div class=\"elementor-widget-wrap\">\n\t\t\t\t\t\t<div class=\"elementor-element elementor-element-777359a elementor-widget elementor-widget-text-editor\" data-id=\"777359a\" data-element_type=\"widget\" data-widget_type=\"text-editor.default\">\n\t\t\t\t<div class=\"elementor-widget-container\">\n\t\t\t\t\t\t\t\t<div class=\"elementor-text-editor elementor-clearfix\">\n\t\t\t\t<p>&#8211; COOKIES &#8211;<\/p>\t\t\t\t\t<\/div>\n\t\t\t\t\t\t<\/div>\n\t\t\t\t<\/div>\n\t\t\t\t<div class=\"elementor-element elementor-element-0352d05 elementor-widget elementor-widget-text-editor\" data-id=\"0352d05\" data-element_type=\"widget\" data-widget_type=\"text-editor.default\">\n\t\t\t\t<div class=\"elementor-widget-container\">\n\t\t\t\t\t\t\t\t<div class=\"elementor-text-editor elementor-clearfix\">\n\t\t\t\t<p>Un \u00ab\u00a0cookie\u00a0\u00bb permet l\u2019identification de l\u2019utilisateur, la personnalisation de sa consultation du site\u00a0myyogaconnect.com et le chargement plus rapide des pages du site \u00e0 l\u2019aide d\u2019un chargement d\u2019un\u00a0fichier de donn\u00e9es sur son ordinateur. L\u2019utilisateur reconna\u00eet \u00eatre inform\u00e9 de cette pratique et autorise\u00a0Yoga Connect \u00e0\u00a0 proc\u00e9der ainsi. Sauf cas sp\u00e9cial de r\u00e9quisition l\u00e9gale, Yoga Connect s\u2019engage \u00e0 ne jamais communiquer le contenu de ces cookies \u00e0 des tiers ou soci\u00e9t\u00e9s partenaires ou clientes. Tout\u00a0utilisateur peut refuser l\u2019enregistrement de ces cookies ou configurer son navigateur au pr\u00e9alable qui\u00a0l\u2019avertira.<\/p>\t\t\t\t\t<\/div>\n\t\t\t\t\t\t<\/div>\n\t\t\t\t<\/div>\n\t\t\t\t\t\t<\/div>\n\t\t\t\t\t<\/div>\n\t\t<\/div>\n\t\t\t\t<div class=\"elementor-column elementor-col-25 elementor-top-column elementor-element elementor-element-94164dc\" data-id=\"94164dc\" data-element_type=\"column\">\n\t\t\t<div class=\"elementor-column-wrap\">\n\t\t\t\t\t\t\t<div class=\"elementor-widget-wrap\">\n\t\t\t\t\t\t\t\t<\/div>\n\t\t\t\t\t<\/div>\n\t\t<\/div>\n\t\t\t\t\t\t\t\t<\/div>\n\t\t\t\t\t<\/div>\n\t\t<\/section>\n\t\t\t\t\t\t\t\t\t<\/div>\n\t\t\t<\/div>\n\t\t\t\t\t<\/div>\n\t\t","protected":false},"excerpt":{"rendered":"<p>Le site internet est accessible \u00e0 l\u2019adresse yogivadanse.fr Propri\u00e9taire et responsable de la publication, Eva Pr\u00e9cloux, professeur de danse et de yoga : Pas de si\u00e8ge social&nbsp; Localisation : 83130 &hellip;<\/p>\n<p class=\"read-more\"> <a class=\"\" href=\"https:\/\/yogivadanse.fr\/?page_id=850\"> <span class=\"screen-reader-text\">Mentions l\u00e9gales<\/span> Lire la suite\u00a0\u00bb<\/a><\/p>\n","protected":false},"author":1,"featured_media":0,"parent":0,"menu_order":0,"comment_status":"closed","ping_status":"closed","template":"","meta":{"_uag_custom_page_level_css":"","spay_email":""},"uagb_featured_image_src":{"full":false,"thumbnail":false,"medium":false,"medium_large":false,"large":false,"1536x1536":false,"2048x2048":false},"uagb_author_info":{"display_name":"Eva Pr\u00e9cloux","author_link":"https:\/\/yogivadanse.fr\/?author=1"},"uagb_comment_info":0,"uagb_excerpt":"Le site internet est accessible \u00e0 l\u2019adresse yogivadanse.fr Propri\u00e9taire et responsable de la publication, Eva Pr\u00e9cloux, professeur de danse et de yoga : Pas de si\u00e8ge social&nbsp; Localisation : 83130 &hellip; Mentions l\u00e9gales Lire la suite\u00a0\u00bb","yoast_head":"<!-- This site is optimized with the Yoast SEO plugin v15.8 - https:\/\/yoast.com\/wordpress\/plugins\/seo\/ -->\n<title>MENTIONS L\u00c9GALES DU SITE - YOGIVADANSE<\/title>\n<meta name=\"description\" content=\"Consultez l&#039;int\u00e9gralit\u00e9 des mentions l\u00e9gales du site Yogivadanse.\" \/>\n<meta name=\"robots\" content=\"index, follow, max-snippet:-1, max-image-preview:large, max-video-preview:-1\" \/>\n<link rel=\"canonical\" href=\"https:\/\/yogivadanse.fr\/?page_id=850\" \/>\n<meta property=\"og:locale\" content=\"fr_FR\" \/>\n<meta property=\"og:type\" content=\"article\" \/>\n<meta property=\"og:title\" content=\"MENTIONS L\u00c9GALES DU SITE - YOGIVADANSE\" \/>\n<meta property=\"og:description\" content=\"Consultez l&#039;int\u00e9gralit\u00e9 des mentions l\u00e9gales du site Yogivadanse.\" \/>\n<meta property=\"og:url\" content=\"https:\/\/yogivadanse.fr\/?page_id=850\" \/>\n<meta property=\"og:site_name\" content=\"YOGIVADANSE\" \/>\n<meta property=\"article:publisher\" content=\"https:\/\/www.facebook.com\/yogivadanse\" \/>\n<meta property=\"article:modified_time\" content=\"2020-11-17T23:33:15+00:00\" \/>\n<meta property=\"og:image\" content=\"https:\/\/yogivadanse.fr\/wp-content\/uploads\/2020\/11\/M.L.png\" \/>\n<meta name=\"twitter:card\" content=\"summary_large_image\" \/>\n<meta name=\"twitter:label1\" content=\"Dur\u00e9e de lecture est.\">\n\t<meta name=\"twitter:data1\" content=\"2 minutes\">\n<script type=\"application\/ld+json\" class=\"yoast-schema-graph\">{\"@context\":\"https:\/\/schema.org\",\"@graph\":[{\"@type\":\"Organization\",\"@id\":\"https:\/\/yogivadanse.fr\/#organization\",\"name\":\"Yogivadanse\",\"url\":\"https:\/\/yogivadanse.fr\/\",\"sameAs\":[\"https:\/\/www.facebook.com\/yogivadanse\",\"https:\/\/www.instagram.com\/yogivadanse\/?hl=fr\"],\"logo\":{\"@type\":\"ImageObject\",\"@id\":\"https:\/\/yogivadanse.fr\/#logo\",\"inLanguage\":\"fr-FR\",\"url\":\"https:\/\/yogivadanse.fr\/wp-content\/uploads\/2020\/11\/logo.png\",\"width\":1080,\"height\":1080,\"caption\":\"Yogivadanse\"},\"image\":{\"@id\":\"https:\/\/yogivadanse.fr\/#logo\"}},{\"@type\":\"WebSite\",\"@id\":\"https:\/\/yogivadanse.fr\/#website\",\"url\":\"https:\/\/yogivadanse.fr\/\",\"name\":\"YOGIVADANSE\",\"description\":\"\",\"publisher\":{\"@id\":\"https:\/\/yogivadanse.fr\/#organization\"},\"potentialAction\":[{\"@type\":\"SearchAction\",\"target\":\"https:\/\/yogivadanse.fr\/?s={search_term_string}\",\"query-input\":\"required name=search_term_string\"}],\"inLanguage\":\"fr-FR\"},{\"@type\":\"ImageObject\",\"@id\":\"https:\/\/yogivadanse.fr\/?page_id=850#primaryimage\",\"inLanguage\":\"fr-FR\",\"url\":\"https:\/\/yogivadanse.fr\/wp-content\/uploads\/2020\/11\/M.L.png\",\"width\":1024,\"height\":250},{\"@type\":\"WebPage\",\"@id\":\"https:\/\/yogivadanse.fr\/?page_id=850#webpage\",\"url\":\"https:\/\/yogivadanse.fr\/?page_id=850\",\"name\":\"MENTIONS L\\u00c9GALES DU SITE - YOGIVADANSE\",\"isPartOf\":{\"@id\":\"https:\/\/yogivadanse.fr\/#website\"},\"primaryImageOfPage\":{\"@id\":\"https:\/\/yogivadanse.fr\/?page_id=850#primaryimage\"},\"datePublished\":\"2020-11-05T13:35:08+00:00\",\"dateModified\":\"2020-11-17T23:33:15+00:00\",\"description\":\"Consultez l'int\\u00e9gralit\\u00e9 des mentions l\\u00e9gales du site Yogivadanse.\",\"breadcrumb\":{\"@id\":\"https:\/\/yogivadanse.fr\/?page_id=850#breadcrumb\"},\"inLanguage\":\"fr-FR\",\"potentialAction\":[{\"@type\":\"ReadAction\",\"target\":[\"https:\/\/yogivadanse.fr\/?page_id=850\"]}]},{\"@type\":\"BreadcrumbList\",\"@id\":\"https:\/\/yogivadanse.fr\/?page_id=850#breadcrumb\",\"itemListElement\":[{\"@type\":\"ListItem\",\"position\":1,\"item\":{\"@type\":\"WebPage\",\"@id\":\"https:\/\/yogivadanse.fr\/\",\"url\":\"https:\/\/yogivadanse.fr\/\",\"name\":\"Accueil\"}},{\"@type\":\"ListItem\",\"position\":2,\"item\":{\"@type\":\"WebPage\",\"@id\":\"https:\/\/yogivadanse.fr\/?page_id=850\",\"url\":\"https:\/\/yogivadanse.fr\/?page_id=850\",\"name\":\"Mentions l\\u00e9gales\"}}]}]}<\/script>\n<!-- \/ Yoast SEO plugin. -->","_links":{"self":[{"href":"https:\/\/yogivadanse.fr\/index.php?rest_route=\/wp\/v2\/pages\/850"}],"collection":[{"href":"https:\/\/yogivadanse.fr\/index.php?rest_route=\/wp\/v2\/pages"}],"about":[{"href":"https:\/\/yogivadanse.fr\/index.php?rest_route=\/wp\/v2\/types\/page"}],"author":[{"embeddable":true,"href":"https:\/\/yogivadanse.fr\/index.php?rest_route=\/wp\/v2\/users\/1"}],"replies":[{"embeddable":true,"href":"https:\/\/yogivadanse.fr\/index.php?rest_route=%2Fwp%2Fv2%2Fcomments&post=850"}],"version-history":[{"count":17,"href":"https:\/\/yogivadanse.fr\/index.php?rest_route=\/wp\/v2\/pages\/850\/revisions"}],"predecessor-version":[{"id":1436,"href":"https:\/\/yogivadanse.fr\/index.php?rest_route=\/wp\/v2\/pages\/850\/revisions\/1436"}],"wp:attachment":[{"href":"https:\/\/yogivadanse.fr\/index.php?rest_route=%2Fwp%2Fv2%2Fmedia&parent=850"}],"curies":[{"name":"wp","href":"https:\/\/api.w.org\/{rel}","templated":true}]}}